 and 1352?
104
What is the greatest common divisor of 49 and 259?
7
Calculate the highest common factor of 15 and 915.
15
Calculate the highest common divisor of 48 and 348.
12
What is the highest common factor of 104 and 299?
13
Calculate the highest common divisor of 31336 and 16.
8
What is the greatest common divisor of 410 and 82?
82
What is the highest common divisor of 319 and 55?
11
Calculate the greatest common factor of 549 and 25437.
183
What is the greatest common divisor of 30 and 30?
30
Calculate the greatest common divisor of 8 and 544.
8
Calculate the highest common factor of 576 and 6.
6
Calculate the greatest common factor of 1372 and 294.
98
Calculate the greatest common divisor of 48 and 22.
2
What is the highest common factor of 2160 and 135?
135
What is the highest common divisor of 132 and 42?
6
Calculate the highest common factor of 1360 and 44.
4
What is the highest common divisor of 5008 and 144?
16
Calculate the greatest common factor of 256 and 16.
16
What is the highest common factor of 30 and 150?
30
Calculate the highest common factor of 1258 and 148.
74
Calculate the highest common divisor of 819 and 27.
9
Calculate the highest common factor of 60 and 2140.
20
Calculate the highest common factor of 3888 and 96.
48
What is the highest common factor of 66 and 2739?
33
Calculate the highest common factor of 77 and 70.
7
Calculate the highest common divisor of 1525 and 25.
25
Calculate the highest common factor of 11 and 1067.
11
Calculate the greatest common factor of 875 and 7.
7
Calculate the greatest common divisor of 160 and 240.
80
What is the greatest common factor of 4 and 284?
4
What is the greatest common divisor of 140 and 6?
2
Calculate the greatest common factor of 160 and 96.
32
What is the greatest common divisor of 11 and 1100?
11
What is the highest common factor of 256 and 664?
8
What is the greatest common factor of 514 and 53713?
257
Calculate the highest common divisor of 32 and 11.
1
What is the highest common divisor of 629 and 221?
17
Calculate the greatest common factor of 2980 and 50.
10
Calculate the highest common divisor of 1395 and 495.
45
What is the greatest common factor of 170 and 190?
10
Calculate the highest common divisor of 2771 and 489.
163
What is the highest common divisor of 2280 and 57?
57
Calculate the greatest common divisor of 9586 and 1.
1
Calculate the highest common factor of 36 and 10656.
36
Calculate the highest common factor of 27 and 837.
27
Calculate the highest common factor of 875 and 14.
7
Calculate the highest common factor of 3 and 24.
3
Calculate the highest common divisor of 72 and 584.
8
What is the highest common divisor of 12 and 21?
3
Calculate the greatest common factor of 104 and 2197.
13
What is the highest common factor of 1200 and 144?
48
What is the highest common divisor of 160 and 32?
32
What is the greatest common divisor of 2375 and 209?
19
What is the greatest common divisor of 1065 and 15?
15
Calculate the highest common factor of 4 and 268.
4
Calculate the greatest common factor of 3150 and 126.
126
Calculate the greatest common divisor of 279 and 18.
9
Calculate the highest common divisor of 92 and 48.
4
What is the greatest common divisor of 278 and 77423?
139
Calculate the greatest common factor of 150 and 5.
5
Calculate the highest common divisor of 2560 and 140.
20
Calculate the greatest common divisor of 200 and 25.
25
Calculate the greatest common factor of 182 and 754.
26
What is the greatest common factor of 9 and 180?
9
Calculate the highest common factor of 84 and 14.
14
What is the highest common factor of 39 and 117?
39
What is the greatest common factor of 26624 and 52?
52
What is the greatest common factor of 14 and 32?
2
Calculate the highest common factor of 1921 and 85.
17
What is the greatest common factor of 29 and 20329?
29
Calculate the greatest common factor of 128 and 40.
8
Calculate the highest common factor of 4656 and 48.
48
Calculate the highest common divisor of 20 and 68.
4
Calculate the highest common factor of 170 and 16405.
85
Calculate the highest common factor of 182 and 780.
26
What is the highest common divisor of 3016 and 26?
26
Calculate the greatest common divisor of 140 and 105.
35
What is the greatest common factor of 385 and 245?
35
Calculate the greatest common divisor of 905 and 2.
1
What is the highest common divisor of 134 and 6?
2
What is the highest common divisor of 207 and 23?
23
Calculate the greatest common factor of 72 and 342.
18
Calculate the greatest common divisor of 1204 and 24381.
301
What is the greatest common divisor of 583 and 407?
11
What is the highest common factor of 1 and 2?
1
What is the greatest common factor of 18 and 5526?
18
Calculate the highest common divisor of 8 and 756.
4
What is the greatest common factor of 39 and 663?
39
What is the greatest common factor of 19 and 893?
19
What is the greatest common factor of 1773 and 1970?
197
Calculate the greatest common factor of 4725 and 147.
21
Calculate the highest common factor of 4 and 64.
4
Calculate the highest common divisor of 225 and 4365.
45
What is the greatest common divisor of 108 and 36?
36
What is the highest common factor of 13 and 2509?
13
What is the highest common factor of 100 and 28900?
100
What is the greatest common factor of 697 and 82?
41
Calculate the highest common divisor of 185 and 10.
5
Calculate the greatest common divisor of 129 and 1161.
129
Calculate the highest common factor of 1333 and 86.
43
Calculate the highest common factor of 279 and 2294.
31
Calculate the greatest common divisor of 506 and 920.
46
Calculate the greatest common divisor of 575 and 50.
25
Calculate the greatest common divisor of 60 and 460.
20
What is the highest common divisor of 53 and 49661?
53
What is the highest common factor of 1106 and 14?
14
What is the greatest common factor of 129 and 9159?
129
Calculate the greatest common factor of 14 and 30506.
14
What is the greatest common divisor of 7383 and 69?
69
What is the greatest common divisor of 208 and 325?
13
Calculate the greatest common factor of 91 and 17147.
13
What is the highest common factor of 10 and 2140?
10
Calculate the highest common factor of 45 and 20.
5
What is the highest common divisor of 8 and 2168?
8
Calculate the greatest common factor of 8 and 460.
4
Calculate the greatest common divisor of 2 and 2066.
2
Calculate the highest common factor of 7230 and 120.
30
What is the highest common factor of 87 and 174?
87
Calculate the greatest common factor of 527 and 62.
31
Calculate the greatest common factor of 18 and 66.
6
Calculate the greatest common divisor of 2223 and 209.
19
Calculate the highest common factor of 85 and 1445.
85
Calculate the greatest common divisor of 18 and 3396.
6
What is the highest common factor of 120 and 64?
8
Calculate the greatest common divisor of 3836 and 137.
137
What is the greatest common divisor of 239 and 1?
1
Calculate the greatest common factor of 724 and 2715.
181
What is the greatest common factor of 640 and 50?
10
Calculate the greatest common factor of 2981 and 1355.
271
What is the greatest common factor of 45 and 19545?
15
What is the greatest common divisor of 231 and 42?
21
What is the greatest common divisor of 2147 and 133?
19
What is the highest common factor of 220 and 176?
44
What is the greatest common factor of 21 and 21?
21
What is the highest common divisor of 31 and 403?
31
Calculate the highest common factor of 648 and 96.
24
Calculate the greatest common factor of 124 and 16.
4
Calculate the highest common factor of 12 and 2118.
6
What is the highest common factor of 5872 and 16?
16
What is the highest common divisor of 1859 and 11?
11
What is the highest common divisor of 315 and 4005?
45
What is the highest common divisor of 136 and 3876?
68
Calculate the highest common factor of 15 and 45.
15
Calculate the highest common factor of 6 and 3.
3
Calculate the greatest common factor of 141 and 1034.
47
What is the highest common divisor of 216 and 9?
9
Calculate the highest common divisor of 2075 and 15.
5
What is the highest common divisor of 405 and 5?
5
Calculate the greatest common factor of 3 and 2.
1
Calculate the greatest common factor of 8424 and 96.
24
Calculate the greate